{"id":44,"date":"2023-09-12T20:24:18","date_gmt":"2023-09-12T18:24:18","guid":{"rendered":"https:\/\/pousseenchoeur.fr\/?page_id=44"},"modified":"2025-09-23T09:35:59","modified_gmt":"2025-09-23T07:35:59","slug":"nous-soutenir","status":"publish","type":"page","link":"https:\/\/pousseenchoeur.fr\/index.php\/lassociation\/nous-soutenir\/","title":{"rendered":"Nous soutenir"},"content":{"rendered":"\n<h1 class=\"wp-block-heading has-text-align-center\"><strong>Nous soutenir<\/strong><\/h1>\n\n\n\n<div style=\"height:50px\" aria-hidden=\"true\" class=\"wp-block-spacer\"><\/div>\n\n\n\n<div class=\"wp-block-media-text has-media-on-the-right is-stacked-on-mobile\"><div class=\"wp-block-media-text__content\">\n<p>Pousse en Ch\u0153ur \u00e9tant une \u00e9cole priv\u00e9e hors contrat, nous ne b\u00e9n\u00e9ficions d&rsquo;aucune subvention ou aide de l&rsquo;\u00e9tat. Nous avons cependant \u00e0 c\u0153ur de rendre cette \u00e9cole accessible au plus grand nombre en proposant des frais de scolarit\u00e9 qui ne soient pas trop \u00e9lev\u00e9s.<br><strong>Pour cela, nous avons besoin de vous!<\/strong><br><br>En fonction de vos moyens et\/ou de votre disponibilit\u00e9, diff\u00e9rentes possibilit\u00e9s s&rsquo;offrent \u00e0 vous pour nous soutenir.<\/p>\n<\/div><figure class=\"wp-block-media-text__media\"><img data-recalc-dims=\"1\" loading=\"lazy\" decoding=\"async\" width=\"1024\" height=\"683\" src=\"https:\/\/i0.wp.com\/pousseenchoeur.fr\/wp-content\/uploads\/2023\/09\/DSCF2538_09_2023-corr.jpg?resize=1024%2C683&#038;ssl=1\" alt=\"adh\u00e9sion \u00e0 l'association\" class=\"wp-image-704 size-full\" srcset=\"https:\/\/i0.wp.com\/pousseenchoeur.fr\/wp-content\/uploads\/2023\/09\/DSCF2538_09_2023-corr-scaled.jpg?resize=1024%2C683&amp;ssl=1 1024w, https:\/\/i0.wp.com\/pousseenchoeur.fr\/wp-content\/uploads\/2023\/09\/DSCF2538_09_2023-corr-scaled.jpg?resize=300%2C200&amp;ssl=1 300w, https:\/\/i0.wp.com\/pousseenchoeur.fr\/wp-content\/uploads\/2023\/09\/DSCF2538_09_2023-corr-scaled.jpg?resize=768%2C512&amp;ssl=1 768w, https:\/\/i0.wp.com\/pousseenchoeur.fr\/wp-content\/uploads\/2023\/09\/DSCF2538_09_2023-corr-scaled.jpg?resize=1536%2C1024&amp;ssl=1 1536w, https:\/\/i0.wp.com\/pousseenchoeur.fr\/wp-content\/uploads\/2023\/09\/DSCF2538_09_2023-corr-scaled.jpg?resize=2048%2C1365&amp;ssl=1 2048w\" sizes=\"auto, (max-width: 1000px) 100vw, 1000px\" \/><\/figure><\/div>\n\n\n\n<div style=\"height:100px\" aria-hidden=\"true\" class=\"wp-block-spacer\"><\/div>\n\n\n\n<figure class=\"wp-block-image aligncenter size-full is-resized\"><img data-recalc-dims=\"1\" loading=\"lazy\" decoding=\"async\" width=\"250\" height=\"90\" src=\"https:\/\/i0.wp.com\/pousseenchoeur.fr\/wp-content\/uploads\/2023\/09\/fleur-1.png?resize=250%2C90&#038;ssl=1\" alt=\"\" class=\"wp-image-309\" style=\"width:138px;height:50px\"\/><\/figure>\n\n\n\n<div style=\"height:20px\" aria-hidden=\"true\" class=\"wp-block-spacer\"><\/div>\n\n\n\n<h2 class=\"wp-block-heading has-text-align-center\"><strong>Particuliers<\/strong><\/h2>\n\n\n\n<div class=\"wp-block-columns is-layout-flex wp-container-core-columns-is-layout-28f84493 wp-block-columns-is-layout-flex\">\n<div class=\"wp-block-column is-layout-flow wp-block-column-is-layout-flow\">\n<h3 class=\"wp-block-heading has-text-align-center\">Adh\u00e9rer \u00e0 l&rsquo;association<\/h3>\n\n\n\n<p class=\"has-text-align-left\" style=\"margin-right:var(--wp--preset--spacing--50);margin-left:var(--wp--preset--spacing--50);padding-right:0;padding-left:0\">L&rsquo;adh\u00e9sion permet de participer aux diff\u00e9rentes activit\u00e9s organis\u00e9es par l&rsquo;association et de soutenir financi\u00e8rement le projet.<br>Tarif en conscience (entre 10 et 30\u20ac).<br>Deux solutions pour adh\u00e9rer : <br>&#8211; t\u00e9l\u00e9charger le bulletin d&rsquo;adh\u00e9sion et nous le renvoyer par la poste accompagn\u00e9 de votre paiement ;<br>OU<br>&#8211; adh\u00e9rer en ligne via HelloAsso.<\/p>\n\n\n\n<div style=\"height:40px\" aria-hidden=\"true\" class=\"wp-block-spacer\"><\/div>\n\n\n\n<div class=\"wp-block-buttons is-content-justification-center is-layout-flex wp-container-core-buttons-is-layout-a89b3969 wp-block-buttons-is-layout-flex\">\n<div class=\"wp-block-button\"><a class=\"wp-block-button__link has-text-align-center wp-element-button\" href=\"http:\/\/pousseenchoeur.fr\/wp-content\/uploads\/2023\/09\/Bulletin-dadhesion-V2.docx-1.pdf\" target=\"_blank\" rel=\"noreferrer noopener\">T\u00e9l\u00e9charger le bulletin d&rsquo;adh\u00e9sion<\/a><\/div>\n<\/div>\n\n\n\n<div style=\"height:40px\" aria-hidden=\"true\" class=\"wp-block-spacer\"><\/div>\n\n\n\n<div class=\"wp-block-buttons is-content-justification-center is-layout-flex wp-container-core-buttons-is-layout-a89b3969 wp-block-buttons-is-layout-flex\">\n<div class=\"wp-block-button\"><a class=\"wp-block-button__link wp-element-button\" href=\"https:\/\/www.helloasso.com\/associations\/pousse-en-ch-ur\/adhesions\/formulaire-d-adhesion-a-pousse-en-choeur\" target=\"_blank\" rel=\"noreferrer noopener\">Adh\u00e9rer en ligne via HelloAsso<\/a><\/div>\n<\/div>\n\n\n\n<div style=\"height:40px\" aria-hidden=\"true\" class=\"wp-block-spacer\"><\/div>\n\n\n\n<p><\/p>\n\n\n\n<p><\/p>\n<\/div>\n\n\n\n<div class=\"wp-block-column is-layout-flow wp-block-column-is-layout-flow\">\n<h3 class=\"wp-block-heading has-text-align-center\">Faire un don<\/h3>\n\n\n\n<p class=\"has-text-align-left\" style=\"margin-right:var(--wp--preset--spacing--50);margin-left:var(--wp--preset--spacing--50);padding-right:0;padding-left:0\">Afin de nous aider \u00e0 poursuivre le projet d&rsquo;\u00e9cole, vous avez la possibilit\u00e9 de faire un don \u00e0 l&rsquo;association. Votre don servira \u00e0 p\u00e9renniser le projet, en soutenant les investissements n\u00e9cessaires \u00e0 son d\u00e9veloppement : <\/p>\n\n\n\n<p class=\"has-text-align-left\" style=\"margin-right:var(--wp--preset--spacing--50);margin-left:var(--wp--preset--spacing--50);padding-right:0;padding-left:0\">&#8211; am\u00e9nagement du bureau et du jardin ;<br>&#8211; \u00e9quipement de base (imprimante, rangements&#8230;);<br>&#8211; achet de mat\u00e9riel p\u00e9dagogique (livres, manuels, fournitures, jeux, etc) ;<br>&#8211; et peut-\u00eatre demain, l&rsquo;achat de parcelles ou l&rsquo;am\u00e9nagement de logements qui permettraient \u00e0 l&rsquo;\u00e9cole de g\u00e9n\u00e9rer des ressources stables.<\/p>\n\n\n\n<p class=\"has-text-align-left\" style=\"margin-right:var(--wp--preset--spacing--50);margin-left:var(--wp--preset--spacing--50);padding-right:0;padding-left:0\">Deux solutions pour faire un don \u00e0 l&rsquo;association : nous envoyer un ch\u00e8que ou faire un don en ligne via HelloAsso en suivant le lien ci-dessous.<\/p>\n\n\n\n<p class=\"has-text-align-center has-small-font-size\" style=\"margin-right:var(--wp--preset--spacing--50);margin-left:var(--wp--preset--spacing--50);padding-right:0;padding-left:0\">Pousse en Ch\u0153ur \u00e9tant une association respectant les crit\u00e8res pour \u00eatre reconnue d&rsquo;int\u00e9r\u00eat g\u00e9n\u00e9ral, nous sommes autoris\u00e9s \u00e0 \u00e9mettre des re\u00e7us fiscaux permettant d&rsquo;obtenir une r\u00e9duction d&rsquo;imp\u00f4t sur le revenu \u00e9gale \u00e0\u00a0<strong>66\u00a0% du montant vers\u00e9, dans la limite de 20 % du revenu imposable<\/strong>. Par exemple, un don de 50 \u20ac ouvre droit \u00e0 une r\u00e9duction d&rsquo;imp\u00f4t de 33 \u20ac, un don de 100 euros \u00e0 une r\u00e9duction de 66 \u20ac, etc.<\/p>\n\n\n\n<div class=\"wp-block-buttons is-content-justification-center is-layout-flex wp-container-core-buttons-is-layout-a89b3969 wp-block-buttons-is-layout-flex\">\n<div class=\"wp-block-button\"><a class=\"wp-block-button__link wp-element-button\" href=\"https:\/\/www.helloasso.com\/associations\/pousse-en-ch-ur\/formulaires\/1\">Faire un don via HelloAsso<\/a><\/div>\n<\/div>\n<\/div>\n<\/div>\n\n\n\n<div class=\"wp-block-columns is-layout-flex wp-container-core-columns-is-layout-28f84493 wp-block-columns-is-layout-flex\">\n<div class=\"wp-block-column is-layout-flow wp-block-column-is-layout-flow\">\n<h3 class=\"wp-block-heading has-text-align-center\">Faire un don de mat\u00e9riel<\/h3>\n\n\n\n<p class=\"has-text-align-center\" style=\"margin-right:var(--wp--preset--spacing--50);margin-left:var(--wp--preset--spacing--50);padding-right:0;padding-left:0\">Equipement des locaux, mat\u00e9riel p\u00e9dagogique, mat\u00e9riaux de r\u00e9cup\u00e9ration, &#8230;<br>Peut-\u00eatre avez-vous chez vous des choses qui nous int\u00e9ressent et dont vous ne vous servez plus!<\/p>\n\n\n\n<div class=\"wp-block-buttons is-content-justification-center is-layout-flex wp-container-core-buttons-is-layout-a89b3969 wp-block-buttons-is-layout-flex\">\n<div class=\"wp-block-button\"><a class=\"wp-block-button__link wp-element-button\" href=\"https:\/\/pousseenchoeur.fr\/index.php\/materiel-recherche\/\">Liste du mat\u00e9riel recherch\u00e9<\/a><\/div>\n<\/div>\n<\/div>\n\n\n\n<div class=\"wp-block-column is-layout-flow wp-block-column-is-layout-flow\">\n<h3 class=\"wp-block-heading has-text-align-center\">Devenir b\u00e9n\u00e9vole<\/h3>\n\n\n\n<p class=\"has-text-align-center\" style=\"margin-right:var(--wp--preset--spacing--50);margin-left:var(--wp--preset--spacing--50);padding-right:0;padding-left:0\">Participation r\u00e9guli\u00e8re \u00e0 la vie de l&rsquo;association ou ponctuelle lors des \u00e9v\u00e8nements et chantiers participatifs, nous sommes toujours en recherche de forces vives!<\/p>\n\n\n\n<div class=\"wp-block-buttons is-content-justification-center is-layout-flex wp-container-core-buttons-is-layout-a89b3969 wp-block-buttons-is-layout-flex\">\n<div class=\"wp-block-button\"><a class=\"wp-block-button__link wp-element-button\" href=\"https:\/\/pousseenchoeur.fr\/index.php\/lassociation\/benevolat\/\">En savoir plus<\/a><\/div>\n<\/div>\n<\/div>\n<\/div>\n\n\n\n<div style=\"height:100px\" aria-hidden=\"true\" class=\"wp-block-spacer\"><\/div>\n\n\n\n<figure class=\"wp-block-image aligncenter size-full is-resized\"><img data-recalc-dims=\"1\" loading=\"lazy\" decoding=\"async\" width=\"250\" height=\"90\" src=\"https:\/\/i0.wp.com\/pousseenchoeur.fr\/wp-content\/uploads\/2023\/09\/fleur-1.png?resize=250%2C90&#038;ssl=1\" alt=\"\" class=\"wp-image-309\" style=\"width:138px;height:50px\"\/><\/figure>\n\n\n\n<div style=\"height:20px\" aria-hidden=\"true\" class=\"wp-block-spacer\"><\/div>\n\n\n\n<h2 class=\"wp-block-heading has-text-align-center\"><strong>Entreprises<\/strong><\/h2>\n\n\n\n<p class=\"has-text-align-center\" style=\"padding-right:var(--wp--preset--spacing--80);padding-left:var(--wp--preset--spacing--80)\">Vous \u00eates une entreprise proche de nos valeurs et souhaitez d\u00e9velopper un partenariat pour aider aux financement de nos projets et participer \u00e0 r\u00e9duire les frais de scolarit\u00e9?<br>Contactez-nous pour discuter d&rsquo;un \u00e9ventuel projet de m\u00e9c\u00e9nat.<\/p>\n\n\n\n<div class=\"wp-block-buttons is-content-justification-center is-layout-flex wp-container-core-buttons-is-layout-a89b3969 wp-block-buttons-is-layout-flex\">\n<div class=\"wp-block-button\"><a class=\"wp-block-button__link wp-element-button\" href=\"https:\/\/pousseenchoeur.fr\/index.php\/contact\/\">Contactez-nous !<\/a><\/div>\n<\/div>\n\n\n\n<div style=\"height:100px\" aria-hidden=\"true\" class=\"wp-block-spacer\"><\/div>\n","protected":false},"excerpt":{"rendered":"<p>Nous soutenir Pousse en Ch\u0153ur \u00e9tant une \u00e9cole priv\u00e9e hors contrat, nous ne b\u00e9n\u00e9ficions d&rsquo;aucune subvention ou aide de l&rsquo;\u00e9tat. Nous avons cependant \u00e0 c\u0153ur de rendre cette \u00e9cole accessible [&hellip;]<\/p>\n","protected":false},"author":1,"featured_media":0,"parent":55,"menu_order":0,"comment_status":"closed","ping_status":"closed","template":"","meta":{"site-sidebar-layout":"default","site-content-layout":"","ast-site-content-layout":"default","site-content-style":"default","site-sidebar-style":"default","ast-global-header-display":"","ast-banner-title-visibility":"","ast-main-header-display":"","ast-hfb-above-header-display":"","ast-hfb-below-header-display":"","ast-hfb-mobile-header-display":"","site-post-title":"disabled","ast-breadcrumbs-content":"","ast-featured-img":"","footer-sml-layout":"","ast-disable-related-posts":"","theme-transparent-header-meta":"","adv-header-id-meta":"","stick-header-meta":"","header-above-stick-meta":"","header-main-stick-meta":"","header-below-stick-meta":"","astra-migrate-meta-layouts":"set","ast-page-background-enabled":"default","ast-page-background-meta":{"desktop":{"background-color":"var(--ast-global-color-4)","background-image":"","background-repeat":"repeat","background-position":"center center","background-size":"auto","background-attachment":"scroll","background-type":"","background-media":"","overlay-type":"","overlay-color":"","overlay-opacity":"","overlay-gradient":""},"tablet":{"background-color":"","background-image":"","background-repeat":"repeat","background-position":"center center","background-size":"auto","background-attachment":"scroll","background-type":"","background-media":"","overlay-type":"","overlay-color":"","overlay-opacity":"","overlay-gradient":""},"mobile":{"background-color":"","background-image":"","background-repeat":"repeat","background-position":"center center","background-size":"auto","background-attachment":"scroll","background-type":"","background-media":"","overlay-type":"","overlay-color":"","overlay-opacity":"","overlay-gradient":""}},"ast-content-background-meta":{"desktop":{"background-color":"var(--ast-global-color-5)","background-image":"","background-repeat":"repeat","background-position":"center center","background-size":"auto","background-attachment":"scroll","background-type":"","background-media":"","overlay-type":"","overlay-color":"","overlay-opacity":"","overlay-gradient":""},"tablet":{"background-color":"var(--ast-global-color-5)","background-image":"","background-repeat":"repeat","background-position":"center center","background-size":"auto","background-attachment":"scroll","background-type":"","background-media":"","overlay-type":"","overlay-color":"","overlay-opacity":"","overlay-gradient":""},"mobile":{"background-color":"var(--ast-global-color-5)","background-image":"","background-repeat":"repeat","background-position":"center center","background-size":"auto","background-attachment":"scroll","background-type":"","background-media":"","overlay-type":"","overlay-color":"","overlay-opacity":"","overlay-gradient":""}},"_EventAllDay":false,"_EventTimezone":"","_EventStartDate":"","_EventEndDate":"","_EventStartDateUTC":"","_EventEndDateUTC":"","_EventShowMap":false,"_EventShowMapLink":false,"_EventURL":"","_EventCost":"","_EventCostDescription":"","_EventCurrencySymbol":"","_EventCurrencyCode":"","_EventCurrencyPosition":"","_EventDateTimeSeparator":"","_EventTimeRangeSeparator":"","_EventOrganizerID":[],"_EventVenueID":[],"_OrganizerEmail":"","_OrganizerPhone":"","_OrganizerWebsite":"","_VenueAddress":"","_VenueCity":"","_VenueCountry":"","_VenueProvince":"","_VenueState":"","_VenueZip":"","_VenuePhone":"","_VenueURL":"","_VenueStateProvince":"","_VenueLat":"","_VenueLng":"","_VenueShowMap":false,"_VenueShowMapLink":false,"footnotes":""},"class_list":["post-44","page","type-page","status-publish","hentry"],"jetpack_sharing_enabled":true,"_links":{"self":[{"href":"https:\/\/pousseenchoeur.fr\/index.php\/wp-json\/wp\/v2\/pages\/44","targetHints":{"allow":["GET"]}}],"collection":[{"href":"https:\/\/pousseenchoeur.fr\/index.php\/wp-json\/wp\/v2\/pages"}],"about":[{"href":"https:\/\/pousseenchoeur.fr\/index.php\/wp-json\/wp\/v2\/types\/page"}],"author":[{"embeddable":true,"href":"https:\/\/pousseenchoeur.fr\/index.php\/wp-json\/wp\/v2\/users\/1"}],"replies":[{"embeddable":true,"href":"https:\/\/pousseenchoeur.fr\/index.php\/wp-json\/wp\/v2\/comments?post=44"}],"version-history":[{"count":23,"href":"https:\/\/pousseenchoeur.fr\/index.php\/wp-json\/wp\/v2\/pages\/44\/revisions"}],"predecessor-version":[{"id":1208,"href":"https:\/\/pousseenchoeur.fr\/index.php\/wp-json\/wp\/v2\/pages\/44\/revisions\/1208"}],"up":[{"embeddable":true,"href":"https:\/\/pousseenchoeur.fr\/index.php\/wp-json\/wp\/v2\/pages\/55"}],"wp:attachment":[{"href":"https:\/\/pousseenchoeur.fr\/index.php\/wp-json\/wp\/v2\/media?parent=44"}],"curies":[{"name":"wp","href":"https:\/\/api.w.org\/{rel}","templated":true}]}}