{"id":34,"date":"2023-09-12T20:23:20","date_gmt":"2023-09-12T18:23:20","guid":{"rendered":"https:\/\/pousseenchoeur.fr\/?page_id=34"},"modified":"2025-12-04T12:04:00","modified_gmt":"2025-12-04T11:04:00","slug":"lequipe","status":"publish","type":"page","link":"https:\/\/pousseenchoeur.fr\/index.php\/lassociation\/lequipe\/","title":{"rendered":"Les \u00e9quipes de Pousse en Ch\u0153ur"},"content":{"rendered":"\n<h1 class=\"wp-block-heading has-text-align-center\"><strong>Les \u00e9quipes de Pousse en Ch\u0153ur <\/strong><\/h1>\n\n\n\n<div class=\"wp-block-columns is-layout-flex wp-container-core-columns-is-layout-28f84493 wp-block-columns-is-layout-flex\">\n<div class=\"wp-block-column is-layout-flow wp-block-column-is-layout-flow\">\n<figure class=\"wp-block-image aligncenter size-full\"><a href=\"#noyau\"><img data-recalc-dims=\"1\" loading=\"lazy\" decoding=\"async\" width=\"300\" height=\"262\" src=\"https:\/\/i0.wp.com\/pousseenchoeur.fr\/wp-content\/uploads\/2023\/09\/noyau.png?resize=300%2C262&#038;ssl=1\" alt=\"\" class=\"wp-image-320\" style=\"object-fit:cover\"\/><\/a><\/figure>\n\n\n\n<h2 class=\"wp-block-heading has-text-align-center\" style=\"padding-top:0;padding-right:var(--wp--preset--spacing--40);padding-bottom:0;padding-left:var(--wp--preset--spacing--40)\"><a href=\"#noyau\">Le noyau<\/a><\/h2>\n<\/div>\n\n\n\n<div class=\"wp-block-column is-layout-flow wp-block-column-is-layout-flow\">\n<figure class=\"wp-block-image size-large\"><img data-recalc-dims=\"1\" loading=\"lazy\" decoding=\"async\" width=\"300\" height=\"262\" src=\"https:\/\/i0.wp.com\/pousseenchoeur.fr\/wp-content\/uploads\/2023\/09\/pole.png?resize=300%2C262&#038;ssl=1\" alt=\"Le bureau\" class=\"wp-image-322\"\/><\/figure>\n\n\n\n<h2 class=\"wp-block-heading has-text-align-center\" style=\"padding-top:0;padding-right:var(--wp--preset--spacing--40);padding-bottom:0;padding-left:var(--wp--preset--spacing--40)\">Le bureau<\/h2>\n<\/div>\n\n\n\n<div class=\"wp-block-column is-layout-flow wp-block-column-is-layout-flow\">\n<figure class=\"wp-block-gallery aligncenter has-nested-images columns-default is-cropped wp-block-gallery-1 is-layout-flex wp-block-gallery-is-layout-flex\">\n<figure class=\"wp-block-image size-full\"><a href=\"#ecole\"><img data-recalc-dims=\"1\" loading=\"lazy\" decoding=\"async\" width=\"300\" height=\"262\" data-id=\"502\" src=\"https:\/\/i0.wp.com\/pousseenchoeur.fr\/wp-content\/uploads\/2023\/09\/livre.png?resize=300%2C262&#038;ssl=1\" alt=\"\" class=\"wp-image-502\" style=\"object-fit:cover\"\/><\/a><\/figure>\n<\/figure>\n\n\n\n<h2 class=\"wp-block-heading has-text-align-center\" style=\"padding-right:var(--wp--preset--spacing--40);padding-left:var(--wp--preset--spacing--40)\"><a href=\"#ecole\">L&rsquo;\u00e9quipe de l&rsquo;\u00e9cole<\/a><\/h2>\n<\/div>\n<\/div>\n\n\n\n<figure class=\"wp-block-gallery has-nested-images columns-default is-cropped wp-block-gallery-2 is-layout-flex wp-block-gallery-is-layout-flex\"><\/figure>\n\n\n\n<div style=\"height:56px\" aria-hidden=\"true\" class=\"wp-block-spacer\"><\/div>\n\n\n\n<h2 class=\"wp-block-heading has-text-align-center\" id=\"noyau\"><strong>Le noyau<\/strong> \u00e0 l&rsquo;origine du projet<\/h2>\n\n\n\n<figure class=\"wp-block-image aligncenter size-full is-resized\"><img data-recalc-dims=\"1\" loading=\"lazy\" decoding=\"async\" width=\"2560\" height=\"1440\" src=\"https:\/\/i0.wp.com\/pousseenchoeur.fr\/wp-content\/uploads\/2025\/12\/DSCF2493_09_2023-edited-scaled.jpg?resize=2560%2C1440&#038;ssl=1\" alt=\"Personnes membres du noyau\" class=\"wp-image-1304\" style=\"object-fit:cover;width:565px;height:377px\" srcset=\"https:\/\/i0.wp.com\/pousseenchoeur.fr\/wp-content\/uploads\/2025\/12\/DSCF2493_09_2023-edited-scaled.jpg?w=2560&amp;ssl=1 2560w, https:\/\/i0.wp.com\/pousseenchoeur.fr\/wp-content\/uploads\/2025\/12\/DSCF2493_09_2023-edited-scaled.jpg?resize=300%2C169&amp;ssl=1 300w, https:\/\/i0.wp.com\/pousseenchoeur.fr\/wp-content\/uploads\/2025\/12\/DSCF2493_09_2023-edited-scaled.jpg?resize=1024%2C576&amp;ssl=1 1024w, https:\/\/i0.wp.com\/pousseenchoeur.fr\/wp-content\/uploads\/2025\/12\/DSCF2493_09_2023-edited-scaled.jpg?resize=768%2C432&amp;ssl=1 768w, https:\/\/i0.wp.com\/pousseenchoeur.fr\/wp-content\/uploads\/2025\/12\/DSCF2493_09_2023-edited-scaled.jpg?resize=1536%2C864&amp;ssl=1 1536w, https:\/\/i0.wp.com\/pousseenchoeur.fr\/wp-content\/uploads\/2025\/12\/DSCF2493_09_2023-edited-scaled.jpg?resize=2048%2C1152&amp;ssl=1 2048w\" sizes=\"auto, (max-width: 1000px) 100vw, 1000px\" \/><\/figure>\n\n\n\n<div class=\"wp-block-columns alignfull is-layout-flex wp-container-core-columns-is-layout-28f84493 wp-block-columns-is-layout-flex\">\n<div class=\"wp-block-column is-layout-flow wp-block-column-is-layout-flow\"><\/div>\n\n\n\n<div class=\"wp-block-column is-vertically-aligned-top is-layout-flow wp-block-column-is-layout-flow\" style=\"flex-basis:250px\">\n<p class=\"has-text-align-center\"><strong>C\u00e9cile<\/strong> <strong>Chossat<\/strong><br>Membre du noyau            Co-fondatrice<\/p>\n<\/div>\n\n\n\n<div class=\"wp-block-column is-layout-flow wp-block-column-is-layout-flow\" style=\"flex-basis:250px\">\n<p class=\"has-text-align-center\"><strong>Sarah Delmer<\/strong>            Membre du noyau            Co-fondatrice       Directrice et enseignante en 2024\/2025<\/p>\n<\/div>\n\n\n\n<div class=\"wp-block-column is-layout-flow wp-block-column-is-layout-flow\" style=\"flex-basis:250px\">\n<p class=\"has-text-align-center\"><strong>Rachel De Silva<\/strong><br>Membre du noyau             Co-fondatrice               ASEM depuis janvier 2025<\/p>\n<\/div>\n\n\n\n<div class=\"wp-block-column is-layout-flow wp-block-column-is-layout-flow\"><\/div>\n<\/div>\n\n\n\n<figure class=\"wp-block-image aligncenter size-full is-resized\"><img data-recalc-dims=\"1\" loading=\"lazy\" decoding=\"async\" width=\"250\" height=\"90\" src=\"https:\/\/i0.wp.com\/pousseenchoeur.fr\/wp-content\/uploads\/2023\/09\/fleur-1.png?resize=250%2C90&#038;ssl=1\" alt=\"\" class=\"wp-image-309\" style=\"width:138px;height:50px\"\/><\/figure>\n\n\n\n<h2 class=\"wp-block-heading has-text-align-center\">Le bureau<\/h2>\n\n\n\n<figure class=\"wp-block-image aligncenter size-large is-resized\"><img data-recalc-dims=\"1\" loading=\"lazy\" decoding=\"async\" width=\"1280\" height=\"853\" src=\"https:\/\/i0.wp.com\/pousseenchoeur.fr\/wp-content\/uploads\/2025\/12\/IMG_20251007_200107_819-edited.jpg?resize=1280%2C853&#038;ssl=1\" alt=\"\" class=\"wp-image-1303\" style=\"aspect-ratio:1.5006195393169182;width:585px;height:auto\" srcset=\"https:\/\/i0.wp.com\/pousseenchoeur.fr\/wp-content\/uploads\/2025\/12\/IMG_20251007_200107_819-edited.jpg?w=1280&amp;ssl=1 1280w, https:\/\/i0.wp.com\/pousseenchoeur.fr\/wp-content\/uploads\/2025\/12\/IMG_20251007_200107_819-edited.jpg?resize=300%2C200&amp;ssl=1 300w, https:\/\/i0.wp.com\/pousseenchoeur.fr\/wp-content\/uploads\/2025\/12\/IMG_20251007_200107_819-edited.jpg?resize=1024%2C682&amp;ssl=1 1024w, https:\/\/i0.wp.com\/pousseenchoeur.fr\/wp-content\/uploads\/2025\/12\/IMG_20251007_200107_819-edited.jpg?resize=768%2C512&amp;ssl=1 768w\" sizes=\"auto, (max-width: 1000px) 100vw, 1000px\" \/><\/figure>\n\n\n\n<div style=\"height:50px\" aria-hidden=\"true\" class=\"wp-block-spacer\"><\/div>\n\n\n\n<p class=\"has-text-align-center\"><strong>C\u00e9cile Chossat, Brigitte Espaze, Dorine Caroli, Marjolaine Carry<\/strong><\/p>\n\n\n\n<div style=\"height:20px\" aria-hidden=\"true\" class=\"wp-block-spacer\"><\/div>\n\n\n\n<figure class=\"wp-block-image aligncenter size-full is-resized\"><img data-recalc-dims=\"1\" loading=\"lazy\" decoding=\"async\" width=\"250\" height=\"90\" src=\"https:\/\/i0.wp.com\/pousseenchoeur.fr\/wp-content\/uploads\/2023\/09\/fleur-1.png?resize=250%2C90&#038;ssl=1\" alt=\"\" class=\"wp-image-309\" style=\"width:130px;height:auto\"\/><\/figure>\n\n\n\n<h2 class=\"wp-block-heading has-text-align-center\" id=\"ecole\"><strong>L&rsquo;\u00e9quipe de l&rsquo;\u00e9cole<\/strong><\/h2>\n\n\n\n<div style=\"height:20px\" aria-hidden=\"true\" class=\"wp-block-spacer\"><\/div>\n\n\n\n<div class=\"wp-block-columns is-layout-flex wp-container-core-columns-is-layout-28f84493 wp-block-columns-is-layout-flex\">\n<div class=\"wp-block-column is-layout-flow wp-block-column-is-layout-flow\" style=\"flex-basis:5%\"><\/div>\n\n\n\n<div class=\"wp-block-column is-vertically-aligned-center is-layout-flow wp-block-column-is-layout-flow\">\n<figure class=\"wp-block-image aligncenter size-full is-resized\"><img data-recalc-dims=\"1\" loading=\"lazy\" decoding=\"async\" width=\"383\" height=\"493\" src=\"https:\/\/i0.wp.com\/pousseenchoeur.fr\/wp-content\/uploads\/2025\/12\/IMG_9744.jpg?resize=383%2C493&#038;ssl=1\" alt=\"\" class=\"wp-image-1302\" style=\"aspect-ratio:0.7500133411601473;width:310px;height:auto\" srcset=\"https:\/\/i0.wp.com\/pousseenchoeur.fr\/wp-content\/uploads\/2025\/12\/IMG_9744.jpg?w=383&amp;ssl=1 383w, https:\/\/i0.wp.com\/pousseenchoeur.fr\/wp-content\/uploads\/2025\/12\/IMG_9744.jpg?resize=233%2C300&amp;ssl=1 233w\" sizes=\"auto, (max-width: 383px) 100vw, 383px\" \/><\/figure>\n<\/div>\n\n\n\n<div class=\"wp-block-column is-vertically-aligned-center is-layout-flow wp-block-column-is-layout-flow\">\n<h3 class=\"wp-block-heading alignwide has-text-align-center\">Rachel de Silva<\/h3>\n\n\n\n<p class=\"has-text-align-center\">Co-fondatrice<br>ASEM<\/p>\n<\/div>\n\n\n\n<div class=\"wp-block-column is-layout-flow wp-block-column-is-layout-flow\" style=\"flex-basis:5%\"><\/div>\n<\/div>\n\n\n\n<div class=\"wp-block-columns is-not-stacked-on-mobile is-layout-flex wp-container-core-columns-is-layout-28f84493 wp-block-columns-is-layout-flex\">\n<div class=\"wp-block-column is-layout-flow wp-block-column-is-layout-flow\" style=\"flex-basis:5%\"><\/div>\n\n\n\n<div class=\"wp-block-column is-layout-flow wp-block-column-is-layout-flow\">\n<p class=\"has-text-align-justify\">J&rsquo;ai r\u00eav\u00e9 cette aventure d&rsquo;une autre \u00e9cole depuis l&rsquo;enfance. Puis j&rsquo;ai choisi d&rsquo;\u00eatre m\u00e8re au foyer aupr\u00e8s de mes 3 enfants. Dans le contexte des enjeux environnementaux et soci\u00e9taux que nous traversons, il est devenu urgent pour moi de r\u00e9aliser ce r\u00eave et de permettre \u00e0 nos enfants de s&rsquo;\u00e9panouir dans un environnement riche et bienveillant, en connexion au monde qui les entoure. J&rsquo;ai moi-m\u00eame eu la chance de b\u00e9n\u00e9ficier d&rsquo;un parcours scolaire atypique, et d&rsquo;exp\u00e9rimenter d&rsquo;autres syst\u00e8mes \u00e9ducatifs \u00e0 l&rsquo;international qui m&rsquo;ont profond\u00e9ment marqu\u00e9e. L\u00e0 o\u00f9 je pensais qu&rsquo;apprendre consistait \u00e0 absorber du savoir et faire ce que l&rsquo;on attendait de moi, j&rsquo;ai d\u00e9couvert une \u00e9ducation plus holistique, aux apprentissages multiples qui valorise diff\u00e9rentes formes d&rsquo;intelligences, m\u00eame \u00e0 l&rsquo;\u00e9cole!<\/p>\n\n\n\n<p>A l&rsquo;\u00e9cole Pousse en Ch\u0153ur, j&rsquo;assiste l&rsquo;enseignante en accompagnant les maternelles (la classe des Lutins!), et j&rsquo;interviens parfois aupr\u00e8s des primaires (les Elfes), notamment pour l&rsquo;anglais ou le th\u00e9\u00e2tre. Nourrie de mes diverses exp\u00e9riences aupr\u00e8s des enfants issus de tous milieux, autant tr\u00e8s privil\u00e9gi\u00e9s que d\u00e9favoris\u00e9s (accompagnement d&rsquo;enfants sur le spectre autistique, animation, th\u00e9\u00e2tre social, soutien scolaire, cours de langue&#8230;), je veille \u00e0 un climat de bienveillance, de douceur et de joie. Nous encourageons l&rsquo;autonomie, la curiosit\u00e9, tout en proposant un cadre s\u00e9curisant et des rituels quotidiens qui sont des rep\u00e8res importants, amen\u00e9s par le biais de chansons, comptines ou rondes en fran\u00e7ais ou en anglais. Nous prenons soin les uns des autres, rions, chantons, jouons !<\/p>\n\n\n\n<p class=\"has-text-align-justify\">Notre grande victoire ? Des enfants qui arrivent plein d&rsquo;enthousiasme \u00e0 l&rsquo;\u00e9cole le matin, et qui ne veulent plus en repartir le soir!<\/p>\n<\/div>\n\n\n\n<div class=\"wp-block-column is-layout-flow wp-block-column-is-layout-flow\" style=\"flex-basis:5%\"><\/div>\n<\/div>\n\n\n\n<div class=\"wp-block-columns is-layout-flex wp-container-core-columns-is-layout-28f84493 wp-block-columns-is-layout-flex\">\n<div class=\"wp-block-column is-layout-flow wp-block-column-is-layout-flow\" style=\"flex-basis:5%\"><\/div>\n\n\n\n<div class=\"wp-block-column is-vertically-aligned-center is-layout-flow wp-block-column-is-layout-flow\">\n<figure class=\"wp-block-image aligncenter size-full is-resized\"><img data-recalc-dims=\"1\" loading=\"lazy\" decoding=\"async\" width=\"1740\" height=\"2320\" src=\"https:\/\/i0.wp.com\/pousseenchoeur.fr\/wp-content\/uploads\/2025\/12\/IMG_0334-6-edited.jpg?resize=1740%2C2320&#038;ssl=1\" alt=\"\" class=\"wp-image-1320\" style=\"aspect-ratio:0.7500133411601473;width:267px;height:auto\" srcset=\"https:\/\/i0.wp.com\/pousseenchoeur.fr\/wp-content\/uploads\/2025\/12\/IMG_0334-6-edited.jpg?w=1740&amp;ssl=1 1740w, https:\/\/i0.wp.com\/pousseenchoeur.fr\/wp-content\/uploads\/2025\/12\/IMG_0334-6-edited.jpg?resize=225%2C300&amp;ssl=1 225w, https:\/\/i0.wp.com\/pousseenchoeur.fr\/wp-content\/uploads\/2025\/12\/IMG_0334-6-edited.jpg?resize=768%2C1024&amp;ssl=1 768w, https:\/\/i0.wp.com\/pousseenchoeur.fr\/wp-content\/uploads\/2025\/12\/IMG_0334-6-edited.jpg?resize=1152%2C1536&amp;ssl=1 1152w, https:\/\/i0.wp.com\/pousseenchoeur.fr\/wp-content\/uploads\/2025\/12\/IMG_0334-6-edited.jpg?resize=1536%2C2048&amp;ssl=1 1536w\" sizes=\"auto, (max-width: 1000px) 100vw, 1000px\" \/><\/figure>\n<\/div>\n\n\n\n<div class=\"wp-block-column is-vertically-aligned-center is-layout-flow wp-block-column-is-layout-flow\">\n<h3 class=\"wp-block-heading alignwide has-text-align-center\">Nathalie Cordier<\/h3>\n\n\n\n<p class=\"has-text-align-center\">Directrice et enseignante<\/p>\n<\/div>\n\n\n\n<div class=\"wp-block-column is-layout-flow wp-block-column-is-layout-flow\" style=\"flex-basis:5%\"><\/div>\n<\/div>\n\n\n\n<div class=\"wp-block-columns is-layout-flex wp-container-core-columns-is-layout-28f84493 wp-block-columns-is-layout-flex\">\n<div class=\"wp-block-column is-layout-flow wp-block-column-is-layout-flow\" style=\"flex-basis:5%\"><\/div>\n\n\n\n<div class=\"wp-block-column is-vertically-aligned-center is-layout-flow wp-block-column-is-layout-flow\">\n<p>La musique fait partie de ma vie depuis toujours. Elle m\u2019aide \u00e0 comprendre et \u00e0 accompagner les autres, et c\u2019est elle qui m\u2019a men\u00e9e vers la musicoth\u00e9rapie, o\u00f9 l\u2019\u00e9coute et la pr\u00e9sence sont essentielles.<\/p>\n\n\n\n<p>J\u2019ai enseign\u00e9 la musique pendant de nombreuses ann\u00e9es en coll\u00e8ge. J\u2019aime travailler avec le corps : marcher, respirer, bouger, sentir le rythme. Ces gestes simples aident les enfants \u00e0 apprendre autrement et \u00e9veillent la joie en chacun d&rsquo;eux.<\/p>\n\n\n\n<p>Depuis longtemps, je m\u2019int\u00e9resse aux p\u00e9dagogies alternatives, convaincue que le lien humain est essentiel \u00e0 l\u2019apprentissage. Je pense qu\u2019il est important d\u2019accompagner chacun avec bienveillance, en respectant son rythme et ses besoins.<\/p>\n<\/div>\n\n\n\n<div class=\"wp-block-column is-layout-flow wp-block-column-is-layout-flow\" style=\"flex-basis:5%\"><\/div>\n<\/div>\n\n\n\n<div class=\"wp-block-columns is-layout-flex wp-container-core-columns-is-layout-28f84493 wp-block-columns-is-layout-flex\">\n<div class=\"wp-block-column is-layout-flow wp-block-column-is-layout-flow\" style=\"flex-basis:5%\"><\/div>\n\n\n\n<div class=\"wp-block-column is-vertically-aligned-center is-layout-flow wp-block-column-is-layout-flow\">\n<figure class=\"wp-block-image aligncenter size-full is-resized\"><img data-recalc-dims=\"1\" loading=\"lazy\" decoding=\"async\" width=\"756\" height=\"1008\" src=\"https:\/\/i0.wp.com\/pousseenchoeur.fr\/wp-content\/uploads\/2025\/12\/Sophie-Perotto-Photo-1-edited.jpg?resize=756%2C1008&#038;ssl=1\" alt=\"\" class=\"wp-image-1323\" style=\"aspect-ratio:0.7500133411601473;width:267px;height:auto\" srcset=\"https:\/\/i0.wp.com\/pousseenchoeur.fr\/wp-content\/uploads\/2025\/12\/Sophie-Perotto-Photo-1-edited.jpg?w=756&amp;ssl=1 756w, https:\/\/i0.wp.com\/pousseenchoeur.fr\/wp-content\/uploads\/2025\/12\/Sophie-Perotto-Photo-1-edited.jpg?resize=225%2C300&amp;ssl=1 225w\" sizes=\"auto, (max-width: 756px) 100vw, 756px\" \/><\/figure>\n<\/div>\n\n\n\n<div class=\"wp-block-column is-vertically-aligned-center is-layout-flow wp-block-column-is-layout-flow\">\n<h3 class=\"wp-block-heading alignwide has-text-align-center\">Sophie Perotto<\/h3>\n\n\n\n<p class=\"has-text-align-center\">Intervenante for\u00eat<\/p>\n<\/div>\n\n\n\n<div class=\"wp-block-column is-layout-flow wp-block-column-is-layout-flow\" style=\"flex-basis:5%\"><\/div>\n<\/div>\n\n\n\n<div class=\"wp-block-columns is-layout-flex wp-container-core-columns-is-layout-28f84493 wp-block-columns-is-layout-flex\">\n<div class=\"wp-block-column is-layout-flow wp-block-column-is-layout-flow\" style=\"flex-basis:5%\"><\/div>\n\n\n\n<div class=\"wp-block-column is-vertically-aligned-center is-layout-flow wp-block-column-is-layout-flow\">\n<p>Enfant puis adolescente, j\u2019ai pass\u00e9 une grande partie de mes vacances \u00e0 explorer la for\u00eat de mon village de c\u0153ur, nich\u00e9 dans le Revermont. Je m\u2019y sentais libre, port\u00e9e par la beaut\u00e9 du vivant. Entre cabanes, arcs, feux de camp, randonn\u00e9es \u2013 parfois en compagnie d\u2019\u00e2nes \u2013, j\u2019ai nou\u00e9, au fil de mes escapades solitaires, une relation intime et profonde avec la nature.<\/p>\n\n\n\n<p>Aujourd\u2019hui, cette passion est devenue mon m\u00e9tier : je suis p\u00e9dagogue par la nature et j\u2019accompagne les enfants dans leur lien au vivant.<br>Apr\u00e8s un BTS Gestion et Protection de la Nature obtenu en 2011 au lyc\u00e9e agricole de Montmorot (Jura), puis une licence professionnelle en Gestion et Traitement des D\u00e9chets en 2014, j\u2019ai poursuivi mon chemin en me formant r\u00e9guli\u00e8rement \u00e0 la p\u00e9dagogie par la nature aupr\u00e8s de l\u2019association Nature et \u00c9ducation (Gen\u00e8ve) et au parcours de Passeur de nature propos\u00e9 par \u00c9veil et Nature.<\/p>\n\n\n\n<p>J\u2019ai ensuite exp\u00e9riment\u00e9 l\u2019animation nature pendant plusieurs ann\u00e9es au sein d\u2019une association d\u2019\u00e9ducation \u00e0 l\u2019environnement en milieu scolaire. Aujourd\u2019hui, j\u2019accompagne chaque mercredi un groupe d\u2019enfants au bois de Jussy, \u00e0 Gen\u00e8ve, et j\u2019interviens les vendredis \u00e0 l\u2019\u00e9cole Pousse en Ch\u0153ur.<\/p>\n\n\n\n<p>J\u2019ai un immense plaisir \u00e0 suivre les enfants sur des temps longs, en petit effectif et en pleine nature. Ce cadre permet de tisser des liens profonds \u2013 avec les enfants, les parents, l\u2019\u00e9quipe p\u00e9dagogique et le milieu naturel lui-m\u00eame \u2013 et de respecter le rythme de chacun avec bienveillance. J\u2019accorde une attention particuli\u00e8re \u00e0 offrir un espace o\u00f9 chaque enfant peut se relier \u00e0 la nature dans le respect de soi, des autres et du vivant.<\/p>\n\n\n\n<p>Mon approche alterne jeux libres et activit\u00e9s guid\u00e9es. Je pars de leurs \u00e9lans, de leurs curiosit\u00e9s, de leurs questions. J\u2019aime nourrir leurs r\u00e9flexions et stimuler leurs apprentissages par une diversit\u00e9 d\u2019exp\u00e9riences : naturalistes, ludiques, sensorielles, imaginaires, kinesth\u00e9siques, artistiques ou artisanales.<br>\u00c9galement vanni\u00e8re, je tresse le v\u00e9g\u00e9tal avec \u00e9coute et patience, et je transmets ce savoir-faire avec joie d\u00e8s que l\u2019occasion se pr\u00e9sente.<\/p>\n<\/div>\n\n\n\n<div class=\"wp-block-column is-layout-flow wp-block-column-is-layout-flow\" style=\"flex-basis:5%\"><\/div>\n<\/div>\n","protected":false},"excerpt":{"rendered":"<p>Les \u00e9quipes de Pousse en Ch\u0153ur Le noyau Le bureau L&rsquo;\u00e9quipe de l&rsquo;\u00e9cole Le noyau \u00e0 l&rsquo;origine du projet C\u00e9cile ChossatMembre du noyau Co-fondatrice Sarah Delmer Membre du noyau Co-fondatrice [&hellip;]<\/p>\n","protected":false},"author":1,"featured_media":0,"parent":55,"menu_order":0,"comment_status":"closed","ping_status":"closed","template":"","meta":{"site-sidebar-layout":"default","site-content-layout":"","ast-site-content-layout":"default","site-content-style":"default","site-sidebar-style":"default","ast-global-header-display":"","ast-banner-title-visibility":"","ast-main-header-display":"","ast-hfb-above-header-display":"","ast-hfb-below-header-display":"","ast-hfb-mobile-header-display":"","site-post-title":"disabled","ast-breadcrumbs-content":"","ast-featured-img":"","footer-sml-layout":"","ast-disable-related-posts":"","theme-transparent-header-meta":"","adv-header-id-meta":"","stick-header-meta":"","header-above-stick-meta":"","header-main-stick-meta":"","header-below-stick-meta":"","astra-migrate-meta-layouts":"set","ast-page-background-enabled":"default","ast-page-background-meta":{"desktop":{"background-color":"var(--ast-global-color-4)","background-image":"","background-repeat":"repeat","background-position":"center center","background-size":"auto","background-attachment":"scroll","background-type":"","background-media":"","overlay-type":"","overlay-color":"","overlay-opacity":"","overlay-gradient":""},"tablet":{"background-color":"","background-image":"","background-repeat":"repeat","background-position":"center center","background-size":"auto","background-attachment":"scroll","background-type":"","background-media":"","overlay-type":"","overlay-color":"","overlay-opacity":"","overlay-gradient":""},"mobile":{"background-color":"","background-image":"","background-repeat":"repeat","background-position":"center center","background-size":"auto","background-attachment":"scroll","background-type":"","background-media":"","overlay-type":"","overlay-color":"","overlay-opacity":"","overlay-gradient":""}},"ast-content-background-meta":{"desktop":{"background-color":"var(--ast-global-color-5)","background-image":"","background-repeat":"repeat","background-position":"center center","background-size":"auto","background-attachment":"scroll","background-type":"","background-media":"","overlay-type":"","overlay-color":"","overlay-opacity":"","overlay-gradient":""},"tablet":{"background-color":"var(--ast-global-color-5)","background-image":"","background-repeat":"repeat","background-position":"center center","background-size":"auto","background-attachment":"scroll","background-type":"","background-media":"","overlay-type":"","overlay-color":"","overlay-opacity":"","overlay-gradient":""},"mobile":{"background-color":"var(--ast-global-color-5)","background-image":"","background-repeat":"repeat","background-position":"center center","background-size":"auto","background-attachment":"scroll","background-type":"","background-media":"","overlay-type":"","overlay-color":"","overlay-opacity":"","overlay-gradient":""}},"_EventAllDay":false,"_EventTimezone":"","_EventStartDate":"","_EventEndDate":"","_EventStartDateUTC":"","_EventEndDateUTC":"","_EventShowMap":false,"_EventShowMapLink":false,"_EventURL":"","_EventCost":"","_EventCostDescription":"","_EventCurrencySymbol":"","_EventCurrencyCode":"","_EventCurrencyPosition":"","_EventDateTimeSeparator":"","_EventTimeRangeSeparator":"","_EventOrganizerID":[],"_EventVenueID":[],"_OrganizerEmail":"","_OrganizerPhone":"","_OrganizerWebsite":"","_VenueAddress":"","_VenueCity":"","_VenueCountry":"","_VenueProvince":"","_VenueState":"","_VenueZip":"","_VenuePhone":"","_VenueURL":"","_VenueStateProvince":"","_VenueLat":"","_VenueLng":"","_VenueShowMap":false,"_VenueShowMapLink":false,"footnotes":""},"class_list":["post-34","page","type-page","status-publish","hentry"],"jetpack_sharing_enabled":true,"_links":{"self":[{"href":"https:\/\/pousseenchoeur.fr\/index.php\/wp-json\/wp\/v2\/pages\/34","targetHints":{"allow":["GET"]}}],"collection":[{"href":"https:\/\/pousseenchoeur.fr\/index.php\/wp-json\/wp\/v2\/pages"}],"about":[{"href":"https:\/\/pousseenchoeur.fr\/index.php\/wp-json\/wp\/v2\/types\/page"}],"author":[{"embeddable":true,"href":"https:\/\/pousseenchoeur.fr\/index.php\/wp-json\/wp\/v2\/users\/1"}],"replies":[{"embeddable":true,"href":"https:\/\/pousseenchoeur.fr\/index.php\/wp-json\/wp\/v2\/comments?post=34"}],"version-history":[{"count":49,"href":"https:\/\/pousseenchoeur.fr\/index.php\/wp-json\/wp\/v2\/pages\/34\/revisions"}],"predecessor-version":[{"id":1324,"href":"https:\/\/pousseenchoeur.fr\/index.php\/wp-json\/wp\/v2\/pages\/34\/revisions\/1324"}],"up":[{"embeddable":true,"href":"https:\/\/pousseenchoeur.fr\/index.php\/wp-json\/wp\/v2\/pages\/55"}],"wp:attachment":[{"href":"https:\/\/pousseenchoeur.fr\/index.php\/wp-json\/wp\/v2\/media?parent=34"}],"curies":[{"name":"wp","href":"https:\/\/api.w.org\/{rel}","templated":true}]}}